ppose -2*n + t = n - 79, 2*n = -l*t + 42. What is the greatest common divisor of 5 and n?
5
Suppose 12 = 5*a - 13. Suppose -a*l - 5*y + 45 = 0, l + 3*y = -0*y + 9. Let z be ((-4)/6)/((-1)/54). Calculate the greatest common divisor of z and l.
9
Suppose 0 = 5*n + 5*d + 10, d = 4*n - 4*d - 28. Suppose -m = u + 1 + n, 3*u = 3*m + 15. Let i = m + 7. Calculate the highest common divisor of i and 1.
1
Let b = 60 - 28. What is the greatest common divisor of 352 and b?
32
Suppose 4*s = 2*v + v + 2, -3*v = 2*s - 10. Suppose s + 0 = f. Let d = 5 - f. What is the greatest common factor of 3 and d?
3
Suppose -135 = -3*j + 30. Calculate the greatest common factor of 5 and j.
5
Let m(h) = -12*h - 1. Let r(v) = 37*v + 2. Let x(b) = 8*m(b) + 3*r(b). Let i be x(6). Calculate the highest common divisor of i and 8.
8
Let r(i) = i**3 - 5*i**2 + 5*i + 1. Let n be r(4). Suppose -2*l = n*y - 379, -4*y - 4*l + 308 = -0*y. What is the greatest common divisor of 15 and y?
15
Suppose 4*n + 0*j - 3*j + 3 = 0, 2*j + 15 = -3*n. Let d be 0/(6/n) - -11. Let t = -15 - -26. What is the highest common factor of t and d?
11
Let k be (-12)/(-10)*40/6. Suppose -o - 5 = 0, 4*o - 16 = -v + k. Let j(d) = d**2 - 3*d - 29. Let l be j(8). Calculate the greatest common divisor of v and l.
11
Let i = -1 + 2. Let y be i/(-6) - (-119)/(-6). Let m = 38 + y. What is the highest common factor of m and 6?
6
Let k = -30 + 29. Suppose -2*f + 18 = 5*h + 2*f, -2*f + 4 = 0. Let w be 3/(-6)*h*k. Calculate the greatest common factor of 4 and w.
1
Let m = -3 - -6. Let w = -3 + 6. Calculate the highest common divisor of w and m.
3
Let w be (-4)/(-8)*(-1 - -5). Let l be 2/w*(-2)/(-2). Let m be 50/((2 + l)/6). What is the highest common divisor of m and 40?
20
Let b be 5 + -2 + 1 + 0. Suppose -s = -2*h - 24, 8*s - 4*s = h + 124. What is the highest common factor of b and s?
4
Suppose 21 = -j + 3*j + 5*q, 9 = 2*j + q. Suppose -2*w - j*m + 51 = w, 19 = w - m. What is the highest common factor of w and 6?
6
Suppose 2*t - 9 - 9 = 0. Let y(w) = -1 + 0*w**3 + 4*w - w**2 + 9*w**3 - 2*w. Let p be y(1). What is the greatest common factor of t and p?
9
Let s = 7 - 2. Suppose -4*k + 85 = -s*w, -2*k - 2*w + 23 + 15 = 0. What is the highest common factor of 4 and k?
4
Let n be 18/(3/54*-3). Let j be n/(-30)*25/2. Calculate the highest common divisor of j and 30.
15
Let r(v) be the first derivative of 5*v**3 + v**2/2 + v - 2. Let l be r(-1). Let n be (-28 - 2)*(-6)/l. What is the greatest common divisor of 36 and n?
12
Let g be -5 + 5 - 168*-1. Calculate the highest common factor of g and 24.
24
Let d(q) = -q**2 + 8*q + 20. Let v be d(9). Calculate the greatest common divisor of v and 44.
11
Let k be (-7)/((-1)/4*2). Suppose 4 = 2*m - 0. Let s be m/(-3 - -1) - -99. What is the greatest common divisor of k and s?
14
Let v(o) = 11*o**2 - 6*o - 4. Let l be v(-4). Suppose -20*x = -14*x - 168. What is the highest common factor of l and x?
28
Suppose 2*h + v = -22, 0 = -0*h + 5*h + 3*v + 55. Let i = 31 + h. What is the greatest common factor of 40 and i?
20
Let c = -12 - -17. Let k = 2 + c. What is the highest common divisor of 28 and k?
7
Let t = 37 + -20. Calculate the highest common factor of t and 51.
17
Let c = 32 + -53. Let s(z) = z**3 + z + 7. Let d be s(0). Let u be 6/c + 51/d. What is the highest common factor of 49 and u?
7
Suppose -6 + 41 = 5*v. Let l be (-276)/(-14) + 2/v. Calculate the greatest common divisor of l and 8.
4
Suppose -13 = -2*q - 7. Calculate the greatest common factor of q and 9.
3
Suppose -2*z - 4*a + a = -95, 0 = -5*z - 3*a + 260. Calculate the greatest common divisor of z and 5.
5
Let y(h) = h**3 + 7*h**2 + 10*h. Let c be y(-4). Calculate the highest common factor of 80 and c.
8
Suppose 4*k - 3 = 1. Let c be ((-4)/(-2) - k)*13. Let w(y) = -21*y - 3. Let r be w(-2). Calculate the highest common factor of c and r.
13
Let m be (-3 + (-75)/20)*(1 + -13). Calculate the greatest common divisor of m and 9.
9
Let v = 1320 - 1180. Let x be (2/(-4))/(2/16). Let f be 3*x/6*-10. Calculate the greatest common divisor of v and f.
20
Let h = 70 - 54. Calculate the greatest common divisor of 16 and h.
16
Suppose -k = 3*v - 12, 4*k + 13 = 5*v + 8*k. Suppose -10 = v*s - 285. Let z = s - 10. What is the highest common factor of 18 and z?
9
Suppose -2*d + 8 = -0*d. Suppose y = -x + 5, 0 = -2*y + d*x - x. Suppose -55 = -y*k - 2*k. What is the highest common divisor of 88 and k?
11
Let z = 11 - 8. Suppose -j = 4*j - 3*s - 141, -129 = -5*j - 3*s. What is the highest common divisor of j and z?
3
Let g be (44 + -1)*(-3)/3. Let j be (2 + -12)*g/2. Suppose -5*r - 55 + j = 0. Calculate the greatest common factor of 8 and r.
8
Let i(y) = -y**2 + 2*y + 80. Let n be i(0). What is the highest common divisor of 16 and n?
16
Let z be (-937)/(-11) + 5 + 171/(-33). What is the highest common divisor of 34 and z?
17
Let q = -127 - -235. What is the highest common factor of q and 12?
12
Suppose -2*r - r = -12. What is the greatest common factor of 64 and r?
4
Let t = -46 + 73. Suppose -8*m + 240 = -3*m. Let y = -30 + m. What is the greatest common factor of y and t?
9
Let t = 103 + -70. What is the greatest common factor of t and 77?
11
Let c be 6/(-45)*-3 - 33/(-5). What is the highest common factor of 7 and c?
7
Let o(x) = -10*x. Let i(c) = c - 4. Let t be i(3). Let d = -1 + t. Let w be o(d). Calculate the greatest common factor of w and 8.
4
Let t(n) = 9*n**3 - n**2. Let m be t(-1). Let z be m/(-6)*(3 - -6). Let l be -3 - (-126 + (0 - -3)). Calculate the greatest common factor of l and z.
15
Let u(m) = -25*m + 13. Let o be u(-3). What is the highest common factor of o and 8?
8
Let t = -70 + 103. Suppose 100 + 16 = 4*x. Suppose -2*y + 3*q + x = -2*q, 4*q + 10 = y. Calculate the greatest common factor of t and y.
11
Let d(v) = -13*v + 1. Let y be d(4). Let p = y - -83. Calculate the greatest common divisor of p and 48.
16
Suppose -4*r - 39 = 5*n, -5*r + 3*n - 58 = -0*n. Let a be (2 + -1)/((-1)/(-18)). Let l = r + a. What is the highest common divisor of l and 42?
7
Let u = -20 - 8. Let j = u + 66. Calculate the greatest common factor of 95 and j.
19
Suppose m - 3*m = -5*o - 183, 5*o - 4*m + 191 = 0. Let i be (-749)/o + 4/(-10). Calculate the highest common divisor of 189 and i.
21
Let y = 35 + -21. Suppose 4 = -5*p + 39. Calculate the highest common divisor of y and p.
7
Let x(k) be the first derivative of -5*k**2/2 + k - 5. Let z be x(-1). Calculate the highest common factor of z and 42.
6
Let q(w) = w**2 + 2*w + 6. Let i be q(-3). Suppose 0*a = 5*a - 5*b - 5, 3*b + 6 = 4*a. Let z be 3/2*4 + a. Calculate the highest common factor of z and i.
9
Let u(v) = v**3 - 11*v**2 + v - 13. Let q be u(11). Let y = q - -3. Calculate the highest common divisor of y and 9.
1
Suppose -1 = 5*y - 61. Suppose -5*a - y = -a. Let s = 7 + a. Calculate the greatest common factor of s and 4.
4
Let c(b) = -b**2 - 12*b - 11. Let f be c(-9). What is the highest common factor of 8 and f?
8
Suppose 5*z = -2*k + 43, 0 = -2*z - 3*k + 8 + 7. Calculate the highest common factor of z and 18.
9
Let z(g) = g**3 + 6*g**2 - 13*g - 18. Let f be z(-7). Calculate the greatest common divisor of f and 264.
24
Let u(o) = -o**2 + 13*o - 30. Let k be u(6). Suppose 4*z - q + 3*q = 528, 132 = z - 2*q. Calculate the greatest common divisor of k and z.
12
Suppose -10*d + 480 = -5*d. What is the highest common factor of 12 and d?
12
Suppose 0 = 3*b - 12 - 3. Suppose 2*x - 74 = 3*p + 18, b*x - 2*p - 208 = 0. Calculate the highest common divisor of x and 8.
8
Let i be (1/((18/(-40))/(-9)))/1. What is the highest common factor of 8 and i?
4
Let h = 4 + 2. Let b = -9 + h. Let o be 45/(-2)*(1 + b). Calculate the highest common factor of o and 30.
15
Let h be 52 - 6 - 2*1. Let k(m) = -m**3 - 3*m**2 + 5*m - 12. Let i be k(-6). What is the greatest common factor of h and i?
22
Suppose -i - 270 = -3*i. Let l(y) = y**3 + 4*y**2 - 6*y - 5. Let u be l(-5). Suppose -6*d + 90 = -u*d. Calculate the greatest common divisor of d and i.
15
Let i(h) = -2*h. Let c be i(-6). Let z be 120/(-70) + (-2)/7. Let l be -1 + z/(-1) - -7. What is the greatest common factor of l and c?
4
Let p = 14 + 21. What is the greatest common factor of p and 105?
35
Let x(k) = -k + 8. Let q be x(5). Let w = 8 - q. L